- 4 + 4*c + 3 - c**2 + 2*c. Determine n(6).
-9
Let h(a) = -a - 2. Let r(l) = -2*l + 2. Let g(v) = 6*v - 5. Let f(y) = -6*g(y) - 17*r(y). Let n(p) = -6*f(p) + 11*h(p). Let m = 15 + -17. Determine n(m).
0
Let r(j) be the second derivative of 4*j + 0 + 11/12*j**4 - 3/2*j**2 - 1/3*j**3. Let a(l) = 22*l**2 - 5*l - 7. Let s(i) = 2*a(i) - 5*r(i). Calculate s(-1).
-10
Let x(o) = -o**2 - 6*o + 5. Suppose 2*y = -y + 4*d + 23, -3 = y + 4*d. Suppose 3*r = 2*h + 27, -y*h = -r + 39 - 4. Determine x(h).
5
Let f(p) = -6*p + 2*p - 8*p**3 + 2*p + 3*p**3. Let w(i) = 9*i**3 + i**2 + 3*i. Let g(o) = 11*f(o) + 6*w(o). Let l = 14 - 9. Calculate g(l).
5
Let h(t) = -3*t - 8. Let l = 42 - 12. Suppose -5*q + k + 4 = 37, -3*q - l = -4*k. Determine h(q).
10
Let n(u) = -3*u**2 - 13*u + 1. Let v(b) = 4*b**2 + 19*b - 1. Let k(q) = 7*n(q) + 5*v(q). Suppose 1 = -g, -3*g = -f - 6*g. Give k(f).
5
Let w(t) = 9*t**2 + 3*t + 2. Let z be w(-1). Let v(n) = -n**3 + 8*n**2 - n - 2. Give v(z).
-10
Let o(d) = -d**2 + 2*d + 4. Suppose 0*i - 3*p + 63 = -3*i, 0 = 5*i - 3*p + 103. Let g = -10 - i. Let k be (-12)/30 - (-34)/g. Calculate o(k).
1
Let w be -11 + 2 - -3 - -3. Let t be w*4/(-12) - -4. Let g(m) = -2*m**3 + 3*m + 7 - 6*m**2 - 2*m**3 + 5*m**3. Determine g(t).
-3
Suppose -4*g + 5*s - 9 = -0*s, 0 = 5*g - 5*s + 10. Let w(n) = 2*n - 1. Calculate w(g).
-3
Let v(g) = -6*g**2 + 1. Suppose 0*r - 3 = 3*r. What is v(r)?
-5
Let v(s) = 2*s - 15. Let m be v(3). Let k(t) = -t**3 - 8*t**2 + 8*t - 5. Give k(m).
4
Suppose r - 5 - 1 = 0. Let t(q) = 3*q - 8. Let z be t(r). Let k(s) = s - 13. Let c be k(z). Let j(p) = -p - 2. Give j(c).
1
Let k(l) = -l**3 - 3*l**2 + 4*l + 2. Let y(i) = -i**2. Let n be y(-2). Give k(n).
2
Let h be 1 - 2*(-2)/4. Let z(o) = 3*o - 4*o - o**2 + 3*o**2 - o**2 + 2 - o**3. Determine z(h).
-4
Suppose 0*c + 3*v = 2*c - 20, -2*c + 20 = 3*v. Suppose c = 3*k - k. Let m(h) = k - h + 2*h**2 - 2*h - 3*h**2. Give m(-5).
-5
Let l(k) = -k + 1. Let w(r) = -r + 4. Let g(d) = 3*d - 11. Let i(y) = 4*g(y) + 11*w(y). Let h(f) = 5*i(f) + 6*l(f). What is h(5)?
1
Let n(o) = -2*o + 2. Let i(m) = -4*m**2 - m + 1. Let l be i(-1). Let b be l*(0 + 5/(-2)). Give n(b).
-8
Let z(q) = -3*q - 2*q**2 + q - 29 + 28 - 7*q**3. Calculate z(-1).
6
Let o be (-2)/8 - (-6)/24. Let y be o - (-2)/(2 - 3). Let n(v) = -v. What is n(y)?
2
Let g(c) = c**2 - 3*c. Let x be g(3). Suppose -2*z = -x*z - 40. Suppose 3*o - 9 = -5*m, -m + 4*o + z = 3*m. Let v(h) = h**2 - 3*h + 4. Calculate v(m).
4
Let r(z) be the first derivative of z**4/4 - 7*z**3/3 + 2*z**2 + 8*z + 35. Give r(6).
-4
Suppose -2 = -3*y + y. Let m(x) = 5*x - 2 + y - 4*x. Give m(5).
4
Let b(r) = -r**3 - 6*r**2 - 6*r - 3. Let p be b(-5). Suppose -1 = -o + p. Let u(c) = -9*c - 2*c**2 + 3*c**2 + 10*c. Determine u(o).
12
Let y(s) = -1. Let j(c) = -c - 5. Let f(n) = 2*j(n) - 11*y(n). Calculate f(1).
-1
Let y be 175/42 - (-2)/(-12). Suppose 0*p + 4*p - 16 = 0. Let s(q) = p - 8*q + 3*q**2 - 10 - y*q**2. Calculate s(-6).
6
Let s = -21 - -23. Let q(p) = -5*p + 3. Determine q(s).
-7
Suppose 3*u - u = i + 3, 2*i = u - 12. Let d(a) = -2*a - 7. What is d(i)?
7
Let f(p) = p**3 + 2*p**2 - 5*p - 4. Let a be f(-3). Let v(m) be the first derivative of m**3/3 - m**2 + 2*m + 6. Give v(a).
2
Let d(r) = -9*r**2 - 8*r. Let a(c) = c**2 + c. Let y(f) = 6*a(f) + d(f). Let q(h) = -h - 8. Let z be q(-11). Suppose z = -3*w - 3. What is y(w)?
-8
Let v(z) = -4*z - 4. Let k be -6*(0 + 1/(-2)). Let r be (3/(-1) + -2)*6/5. Let x = k + r. Determine v(x).
8
Let m be (12/(-8))/(6/(-28)). Let d = m - 5. Suppose 1 + 3 = -d*u. Let v(w) = -w**3 - w**2 + 4*w + 3. Give v(u).
-1
Let i(a) = -a**2 - 2*a + 2. Suppose 0 = z + 7*z - 16. What is i(z)?
-6
Let j be 1/4 - 33/(-12). Let u(i) = 1 + j*i - 3*i - i + i**2. Determine u(-2).
7
Let s(x) = -3*x**3 + 6*x**2 + x + 5. Let r(u) = 3*u**3 - 7*u**2 - u - 6. Suppose -4*a = -a - 18. Let w = -6 + 11. Let d(g) = a*s(g) + w*r(g). Determine d(-1).
3
Let p(h) be the first derivative of h**5/120 + 7*h**4/24 - 4*h**3/3 - 5. Let v(a) be the third derivative of p(a). What is v(-6)?
1
Let l = 30 + -23. Let a(x) = -3*x + 9. What is a(l)?
-12
Let p(s) = 2*s**2 - 2*s - 3. Suppose w - 9*x = -12*x + 15, -3*w - 4*x + 25 = 0. Determine p(w).
9
Let p = 11 - 14. Let s(j) = -5*j - 1. Determine s(p).
14
Let s be 135/36 + 10/8. Let v(k) = -k**3 + 4*k**2 + 6*k + 5. Calculate v(s).
10
Let i(y) = -5*y - 1. Let s be i(-1). Let p(r) be the third derivative of r**5/60 - r**4/24 - 5*r**3/6 - r**2. Determine p(s).
7
Let m(l) = -l**2 + l + 1. Let u(n) = -3*n**2 + 2. Let v(y) = -4*m(y) + u(y). Determine v(5).
3
Suppose 0 = 2*b + 4*m + 4, 3*b - 5*m = -0*b - 17. Let g(f) be the first derivative of f**2/2 + f + 20. Give g(b).
-3
Suppose 0 = 4*f - 4*y + 12, f + 3*y - 2 + 5 = 0. Let w = -3 - f. Let l(p) = p**2 + w*p**2 - 3 + 2*p + 0*p**2. Calculate l(2).
5
Let n(r) = 8*r - 3. Let y(w) = 4*w - 1. Suppose 2*x - 2 + 6 = 0. Let z(d) = x*n(d) + 5*y(d). Determine z(1).
5
Let g(u) = u**2 - 4*u + 4. Let m(l) = -2*l + 1. Suppose -5*d - 6 = -1. Let h be m(d). What is g(h)?
1
Suppose -2*i = i - 15. Suppose 11 - 1 = i*w. Let p(t) = 0*t + t**w - t - 3*t**2. Give p(2).
-10
Let q be 18/24 + 2/8. Let r = -8 + q. Let n(j) = j**2 + 6*j - 4. What is n(r)?
3
Let p(d) = 4*d**2 + 7*d - 25 - 2*d**2 - d**2 + 31. Give p(-6).
0
Let g(t) = -2*t**3 - t**2 + 1. Let y(r) = -r - 1. Let i be y(-2). What is g(i)?
-2
Let x be 4*((-2)/4)/((-4)/2). Let j(h) = -7*h**3 + 2*h**2 - 1. Calculate j(x).
-6
Let v(t) = t**2 - t + 2. Let a be (-1 + 1)*(-4)/(-8). Give v(a).
2
Let l(p) = p**2 - 6*p + 5. Let n = 4 - 2. Suppose -2*k - 4*d + 36 = 3*k, -n*d + 20 = 3*k. Calculate l(k).
-3
Let b be (-30)/(-135) - 32/(-18). Let z(p) be the third derivative of -p**6/60 + p**5/20 - p**4/24 + p**3/6 + 5*p**2. Give z(b).
-5
Let r(x) = -x + 4. Suppose 2*s = -3*q - 10, q = 5*s + 35 + 7. Calculate r(s).
12
Let k(f) = -f**3 - 8*f**2 + 1. Suppose -2*s - 3*s + 2*a = 36, 32 = -5*s + 4*a. Determine k(s).
1
Let o(u) = 3 - 6 + u + 4. Give o(-4).
-3
Suppose 6 = -2*j - 2. Let y(x) = -x**2 - 4*x - 2. Let w(r) = -r. Let a(v) = -2*w(v) - y(v). Give a(j).
-6
Let p(z) = z + 1. Let h = 19 + -18. Let s be (-5 + 1)*(-4)/8. Suppose -h = s*n + 9. What is p(n)?
-4
Suppose 0 = 4*z + 5*t - t - 8, -5*t = z + 2. Let d(c) = c**z + 2*c + 3 + c**3 - 4*c**2 - 2. Let i be d(2). Let n(k) = k**3 - 5*k**2 + k - 1. What is n(i)?
4
Let u(r) = r + 7. Let j be u(-5). Let a(w) = w - 2*w**2 + w**j - 3*w**3 + 2*w**3 - 1 + 5*w**2. Let o(y) = y**3 + 2*y**2 - 4*y. Let g be o(-3). Calculate a(g).
11
Let h = 15 + -16. Let g = h - 5. Let p(w) = w + 5. Determine p(g).
-1
Let c(v) = -7*v**3 + v**2. Suppose -2*k + 0*x - 6 = 4*x, 3*k + 3*x + 6 = 0. Calculate c(k).
8
Let s be (-1)/4 - (-9)/(-12). Let i be -1 + (0 - s)/1. Let n(w) = 1 + i*w - 2 + w. What is n(0)?
-1
Let h(v) = 5*v**2 - 4*v + 3. Let n(a) = -a**2 + a - 1. Let d(l) = 2*h(l) + 9*n(l). Let i be (12/9)/(1/(-3)). Determine d(i).
9
Let j(u) = 8*u**2 + 6*u + 6. Let w(i) = 8*i**2 + 5*i + 5. Let t(n) = -4*j(n) + 5*w(n). Calculate t(-1).
8
Let v(m) be the third derivative of m**4/24 - 5*m**3/6 - m**2. Let o(r) = r**3 - 9*r**2 - 4. Let n be -8 + 11 + (6 - 0). Let b be o(n). Give v(b).
-9
Let m(g) = g**3 - 7*g**2 + 7*g - 1. Let a be m(6). Let r(z) = -4*z**2 + 10*z - 11. Let c(j) = 2*j**2 - 5*j + 6. Let k(l) = a*c(l) + 3*r(l). What is k(3)?
-6
Let z(m) be the second derivative of -m**8/960 + m**7/2520 - m**6/720 + m**5/120 - m**4/6 + 4*m. Let d(p) be the third derivative of z(p). Give d(1).
-6
Let d(h) = h**3 - 5*h**2 - 6*h - 4. Let n = 98 + -92. Calculate d(n).
-4
Let z(q) be the second derivative of -q**6/20 - q**5/60 + q**3/6 - 3*q**2/2 + 3*q. Let x(m) be the first derivative of z(m). Give x(-1).
6
Let l(r) = 3*r - 5. Let x(f) = 7*f - 10. Let y(b) = -9*l(b) + 4*x(b). Let m be (-4)/(-8)*(3 + -3). Calculate y(m).
5
Let i(c) = -3*c**2 - 3*c + 2. Suppose 2*t + 3*t + 15 = 0. What is i(t)?
-16
Let u(l) = -l + 5. Let h = 9 - 6. Let m = 3 - h. Suppose -5*g + 2*f = -2, -2*f = 4*g - m*g + 2. Determine u(g).
5
Let k(h) = -h**2 + 5*h - 5. Let f be -7 - 296/(-28) - 3/(-7). Determine k(f).
-1
Let a(m) = -3*m**3 + m**2 + 2*m - 2. Let s be a(2). Let t be (-16)/3 - (-12)/s. Let h(j) = -j**2 - 6*j - 7. What is h(t)?
-7
Let n(w) = 3*w**3 - w**3 + 3*w**3 - 4*w**3. What is n(